{"id":7645,"date":"2022-12-05T03:19:30","date_gmt":"2022-12-05T03:19:30","guid":{"rendered":"https:\/\/csmglobal.vn\/?page_id=7645"},"modified":"2022-12-27T09:19:21","modified_gmt":"2022-12-27T09:19:21","slug":"chinh-sach","status":"publish","type":"page","link":"https:\/\/csmglobal.vn\/index.php\/chinh-sach\/","title":{"rendered":"Ch\u00ednh s\u00e1ch"},"content":{"rendered":"\t\t<div data-elementor-type=\"wp-page\" data-elementor-id=\"7645\" class=\"elementor elementor-7645\">\n\t\t\t\t\t\t\t        <section class=\"elementor-section elementor-top-section elementor-element elementor-element-1f559de elementor-section-boxed elementor-section-height-default elementor-section-height-default ct-header-fixed-none ct-column-none ct-row-scroll-none ct-row-gradient--none\" data-id=\"1f559de\" data-element_type=\"section\">\n            \n                        <div class=\"elementor-container elementor-column-gap-default \">\n                    <div class=\"elementor-column elementor-col-100 elementor-top-column elementor-element elementor-element-1fbb30c ct-column-none col-offset-none\" data-id=\"1fbb30c\" data-element_type=\"column\">\n            <div class=\"elementor-widget-wrap elementor-element-populated\">\n                        \t\t<div class=\"elementor-element elementor-element-29831cf elementor-widget elementor-widget-ct_heading\" data-id=\"29831cf\" data-element_type=\"widget\" data-widget_type=\"ct_heading.default\">\n\t\t\t\t<div class=\"elementor-widget-container\">\n\t\t\t<div id=\"ct_heading-29831cf\" class=\"ct-heading h-align-center item-st-default highlight-style1\">\r\n    <div class=\"ct-inline-css\"  data-css=\"\r\n                                \">\r\n    <\/div>\r\n      <div class=\"item--text-below\">\r\n      <div class=\"ct-inline-css\"  data-css=\"\r\n        \">\r\n      <\/div>\r\n          <\/div>\r\n  \r\n\t\t\t<div class=\"item--sub-title style-icon-leftright \" data-wow-delay=\"ms\">\r\n                            <svg class=\"svg-left\" xmlns=\"http:\/\/www.w3.org\/2000\/svg\" xmlns:xlink=\"http:\/\/www.w3.org\/1999\/xlink\" width=\"33\" height=\"21\" viewBox=\"0 0 33 21\">\r\n                  <defs>\r\n                    <style>\r\n                      .h-cls-1, .h-cls-2 {\r\n                        fill: none;\r\n                        stroke-width: 3px;\r\n                        fill-rule: evenodd;\r\n                      }\r\n\r\n                      .h-cls-1 {\r\n                        filter: url(#filter);\r\n                      }\r\n\r\n                      .h-cls-2 {\r\n                        filter: url(#filter-2);\r\n                      }\r\n                    <\/style>\r\n                    <filter id=\"left-h-filterct_heading-29831cf\" x=\"-0.125\" y=\"-0.094\" width=\"32.406\" height=\"12\" filterUnits=\"userSpaceOnUse\">\r\n                      <feFlood result=\"flood\"\/>\r\n                      <feComposite result=\"composite\" operator=\"in\" in2=\"SourceGraphic\"\/>\r\n                      <feBlend result=\"blend\" in2=\"SourceGraphic\"\/>\r\n                    <\/filter>\r\n                    <filter id=\"left-h-filter-2ct_heading-29831cf\" x=\"-10\" y=\"14.594\" width=\"29.656\" height=\"6.406\" filterUnits=\"userSpaceOnUse\">\r\n                      <feFlood result=\"flood\"\/>\r\n                      <feComposite result=\"composite\" operator=\"in\" in2=\"SourceGraphic\"\/>\r\n                      <feBlend result=\"blend\" in2=\"SourceGraphic\"\/>\r\n                    <\/filter>\r\n\r\n                    <linearGradient id=\"left-h-grad1ct_heading-29831cf\" x1=\"0%\" y1=\"0%\" x2=\"100%\" y2=\"0%\">\r\n                      <stop offset=\"0%\" style=\"stop-color:#006cff;stop-opacity:1\" \/>\r\n                      <stop offset=\"100%\" style=\"stop-color:#1227b8;stop-opacity:1\" \/>\r\n                    <\/linearGradient>\r\n\r\n                  <\/defs>\r\n                  <g>\r\n                    <g style=\"fill: none; filter: url(#left-h-filterct_heading-29831cf)\">\r\n                      <path id=\"left-h-pathct_heading-29831cf\" class=\"h-cls-1\" d=\"M-0.117,8.9H27.036s5.078-3.073,0-6.517\" style=\"stroke: inherit; filter: none;\"\/>\r\n                    <\/g>\r\n                    <use xlink:href=\"#left-h-pathct_heading-29831cf\" style=\"stroke: url(#left-h-grad1ct_heading-29831cf); filter: none; fill: none\"\/>\r\n                    <g style=\"fill: none; filter: url(#left-h-filter-2ct_heading-29831cf)\">\r\n                      <path id=\"left-h-bgct_heading-29831cf\" class=\"h-cls-2\" d=\"M-9.991,14.594H17.352s5.114,3.027,0,6.422\" style=\"stroke: inherit; filter: none;\"\/>\r\n                    <\/g>\r\n                    <use xlink:href=\"#left-h-bgct_heading-29831cf\" style=\"stroke: url(#left-h-grad1ct_heading-29831cf); filter: none; fill: none\"\/>\r\n                  <\/g>\r\n                <\/svg>\r\n                        <span>\r\n                Ch\u00ednh s\u00e1ch c\u1ee7a CSM Global            <\/span>\r\n                            <svg class=\"svg-right\" xmlns=\"http:\/\/www.w3.org\/2000\/svg\" xmlns:xlink=\"http:\/\/www.w3.org\/1999\/xlink\" width=\"33\" height=\"21\" viewBox=\"0 0 33 21\">\r\n                  <defs>\r\n                    <style>\r\n                      .h-cls-1, .h-cls-2 {\r\n                        fill: none;\r\n                        stroke-width: 3px;\r\n                        fill-rule: evenodd;\r\n                      }\r\n\r\n                      .h-cls-1 {\r\n                        filter: url(#filter);\r\n                      }\r\n\r\n                      .h-cls-2 {\r\n                        filter: url(#filter-2);\r\n                      }\r\n                    <\/style>\r\n                    <filter id=\"right-h-filterct_heading-29831cf\" x=\"-0.125\" y=\"-0.094\" width=\"32.406\" height=\"12\" filterUnits=\"userSpaceOnUse\">\r\n                      <feFlood result=\"flood\"\/>\r\n                      <feComposite result=\"composite\" operator=\"in\" in2=\"SourceGraphic\"\/>\r\n                      <feBlend result=\"blend\" in2=\"SourceGraphic\"\/>\r\n                    <\/filter>\r\n                    <filter id=\"right-h-filter-2ct_heading-29831cf\" x=\"-10\" y=\"14.594\" width=\"29.656\" height=\"6.406\" filterUnits=\"userSpaceOnUse\">\r\n                      <feFlood result=\"flood\"\/>\r\n                      <feComposite result=\"composite\" operator=\"in\" in2=\"SourceGraphic\"\/>\r\n                      <feBlend result=\"blend\" in2=\"SourceGraphic\"\/>\r\n                    <\/filter>\r\n\r\n                    <linearGradient id=\"right-h-grad1ct_heading-29831cf\" x1=\"0%\" y1=\"0%\" x2=\"100%\" y2=\"0%\">\r\n                      <stop offset=\"0%\" style=\"stop-color:#006cff;stop-opacity:1\" \/>\r\n                      <stop offset=\"100%\" style=\"stop-color:#1227b8;stop-opacity:1\" \/>\r\n                    <\/linearGradient>\r\n\r\n                  <\/defs>\r\n                  <g>\r\n                    <g style=\"fill: none; filter: url(#right-h-filterct_heading-29831cf)\">\r\n                      <path id=\"right-h-pathct_heading-29831cf\" class=\"h-cls-1\" d=\"M-0.117,8.9H27.036s5.078-3.073,0-6.517\" style=\"stroke: inherit; filter: none;\"\/>\r\n                    <\/g>\r\n                    <use xlink:href=\"#right-h-pathct_heading-29831cf\" style=\"stroke: url(#right-h-grad1ct_heading-29831cf); filter: none; fill: none\"\/>\r\n                    <g style=\"fill: none; filter: url(#right-h-filter-2ct_heading-29831cf)\">\r\n                      <path id=\"right-h-bgct_heading-29831cf\" class=\"h-cls-2\" d=\"M-9.991,14.594H17.352s5.114,3.027,0,6.422\" style=\"stroke: inherit; filter: none;\"\/>\r\n                    <\/g>\r\n                    <use xlink:href=\"#right-h-bgct_heading-29831cf\" style=\"stroke: url(#right-h-grad1ct_heading-29831cf); filter: none; fill: none\"\/>\r\n                  <\/g>\r\n                <\/svg>\r\n                    <\/div>\r\n\t    <h3 class=\"item--title st-default \" data-wow-delay=\"ms\">\r\n        <span class=\"ct-text-inner\">T\u1ea5t c\u1ea3 nh\u1eefng ch\u00ednh s\u00e1ch        <cite class=\"ct-text-highlight\">\r\n            T\u1ed1t nh\u1ea5t        <\/cite>\r\n        c\u1ee7a CSM Global<\/span>    <\/h3>\r\n<\/div>\r\n\t\t<\/div>\n\t\t\t\t<\/div>\n\t\t\t\t<div class=\"elementor-element elementor-element-022397c elementor-widget elementor-widget-ct_portfolio_grid\" data-id=\"022397c\" data-element_type=\"widget\" data-widget_type=\"ct_portfolio_grid.default\">\n\t\t\t\t<div class=\"elementor-widget-container\">\n\t\t\t\r\n<div id=\"ct_portfolio_grid-022397c\" class=\"ct-grid ct-portfolio ct-portfolio-grid1 item--default-space\" data-layout=\"masonry\" data-start-page=\"1\" data-max-pages=\"1\" data-total=\"2\" data-perpage=\"2\" data-next-link=\"\">\r\n    \r\n    <div class=\"ct-grid-inner ct-grid-masonry row animate-time\" data-gutter=\"15\">\r\n                            <div class=\"grid-item col-xl-6 col-lg-3 col-md-6 col-sm-12 col-12 \">\r\n                        <div class=\"grid-item-inner \" data-wow-duration=\"1.2s\">\r\n                            <div class=\"item--featured\">\r\n                                <img decoding=\"async\" class=\"no-lazyload \" src=\"https:\/\/csmglobal.vn\/wp-content\/uploads\/2022\/12\/nguoidung-1-600x408.jpg\" width=\"600\" height=\"408\" alt=\"csm global\" title=\"csm global\" \/>                            <\/div>\r\n                            <div class=\"item--meta\">\r\n                                                                    <h4 class=\"item--title\">\r\n                                        <a href=\"https:\/\/csmglobal.vn\/index.php\/portfolio\/chinh-sach-bao-hanh\/\">                                            Ch\u00ednh s\u00e1ch b\u1ea3o h\u00e0nh                                        <\/a>                                    <\/h4>\r\n                                                                                                    <div class=\"item--category\">\r\n                                        <a href=\"https:\/\/csmglobal.vn\/index.php\/portfolio-category\/chinh-sach\/\" rel=\"tag\">Ch\u00ednh s\u00e1ch c\u1ee7a CSM Global<\/a>                                    <\/div>\r\n                                                            <\/div>\r\n                            <div class=\"item--holder\">\r\n                                <div class=\"item--holder-inner\">\r\n                                                                            <div class=\"item--content\">\r\n                                            Ch\u00ednh s\u00e1ch b\u1ea3o h\u00e0nh                                        <\/div>\r\n                                                                                                                <div class=\"item--readmore\">\r\n                                            <a href=\"https:\/\/csmglobal.vn\/index.php\/portfolio\/chinh-sach-bao-hanh\/\">+<\/a>\r\n                                        <\/div>\r\n                                                                    <\/div>\r\n                            <\/div>\r\n                        <\/div>\r\n                    <\/div>\r\n                                <div class=\"grid-item col-xl-6 col-lg-3 col-md-6 col-sm-12 col-12 \">\r\n                        <div class=\"grid-item-inner \" data-wow-duration=\"1.2s\">\r\n                            <div class=\"item--featured\">\r\n                                <img decoding=\"async\" class=\"no-lazyload \" src=\"https:\/\/csmglobal.vn\/wp-content\/uploads\/2022\/12\/istockphoto-1399219638-612x612-1-600x408.jpg\" width=\"600\" height=\"408\" alt=\"csm global\" title=\"csm global\" \/>                            <\/div>\r\n                            <div class=\"item--meta\">\r\n                                                                    <h4 class=\"item--title\">\r\n                                        <a href=\"https:\/\/csmglobal.vn\/index.php\/portfolio\/chinh-sach-ban-hang\/\">                                            Ch\u00ednh s\u00e1ch b\u00e1n h\u00e0ng                                        <\/a>                                    <\/h4>\r\n                                                                                                    <div class=\"item--category\">\r\n                                        <a href=\"https:\/\/csmglobal.vn\/index.php\/portfolio-category\/chinh-sach\/\" rel=\"tag\">Ch\u00ednh s\u00e1ch c\u1ee7a CSM Global<\/a>                                    <\/div>\r\n                                                            <\/div>\r\n                            <div class=\"item--holder\">\r\n                                <div class=\"item--holder-inner\">\r\n                                                                            <div class=\"item--content\">\r\n                                            Ch\u00ednh s\u00e1ch b\u00e1n h\u00e0ng                                        <\/div>\r\n                                                                                                                <div class=\"item--readmore\">\r\n                                            <a href=\"https:\/\/csmglobal.vn\/index.php\/portfolio\/chinh-sach-ban-hang\/\">+<\/a>\r\n                                        <\/div>\r\n                                                                    <\/div>\r\n                            <\/div>\r\n                        <\/div>\r\n                    <\/div>\r\n                                <div class=\"grid-sizer col-xl-6 col-lg-3 col-md-6 col-sm-12 col-12\"><\/div>\r\n            <\/div>\r\n        <\/div>\t\t<\/div>\n\t\t\t\t<\/div>\n\t\t            <\/div>\n        <\/div>\n                            <\/div>\n        <\/section>\n                <section class=\"elementor-section elementor-top-section elementor-element elementor-element-2299b37 elementor-section-boxed elementor-section-height-default elementor-section-height-default ct-header-fixed-none ct-column-none ct-row-scroll-none ct-row-gradient--none\" data-id=\"2299b37\" data-element_type=\"section\">\n            \n                        <div class=\"elementor-container elementor-column-gap-default \">\n                    <div class=\"elementor-column elementor-col-100 elementor-top-column elementor-element elementor-element-66ac44c ct-column-none col-offset-none\" data-id=\"66ac44c\" data-element_type=\"column\">\n            <div class=\"elementor-widget-wrap\">\n                                    <\/div>\n        <\/div>\n                            <\/div>\n        <\/section>\n        \t\t\t\t\t<\/div>\n\t\t","protected":false},"excerpt":{"rendered":"<p>Ch\u00ednh s\u00e1ch c\u1ee7a CSM Global T\u1ea5t c\u1ea3 nh\u1eefng ch\u00ednh s\u00e1ch T\u1ed1t nh\u1ea5t c\u1ee7a CSM Global Ch\u00ednh s\u00e1ch b\u1ea3o h\u00e0nh Ch\u00ednh s\u00e1ch c\u1ee7a CSM Global Ch\u00ednh s\u00e1ch b\u1ea3o h\u00e0nh + Ch\u00ednh s\u00e1ch b\u00e1n h\u00e0ng Ch\u00ednh s\u00e1ch c\u1ee7a CSM Global Ch\u00ednh s\u00e1ch b\u00e1n h\u00e0ng +<\/p>\n","protected":false},"author":1,"featured_media":0,"parent":0,"menu_order":0,"comment_status":"closed","ping_status":"closed","template":"","meta":{"footnotes":""},"class_list":["post-7645","page","type-page","status-publish","hentry"],"_links":{"self":[{"href":"https:\/\/csmglobal.vn\/index.php\/wp-json\/wp\/v2\/pages\/7645","targetHints":{"allow":["GET"]}}],"collection":[{"href":"https:\/\/csmglobal.vn\/index.php\/wp-json\/wp\/v2\/pages"}],"about":[{"href":"https:\/\/csmglobal.vn\/index.php\/wp-json\/wp\/v2\/types\/page"}],"author":[{"embeddable":true,"href":"https:\/\/csmglobal.vn\/index.php\/wp-json\/wp\/v2\/users\/1"}],"replies":[{"embeddable":true,"href":"https:\/\/csmglobal.vn\/index.php\/wp-json\/wp\/v2\/comments?post=7645"}],"version-history":[{"count":22,"href":"https:\/\/csmglobal.vn\/index.php\/wp-json\/wp\/v2\/pages\/7645\/revisions"}],"predecessor-version":[{"id":9004,"href":"https:\/\/csmglobal.vn\/index.php\/wp-json\/wp\/v2\/pages\/7645\/revisions\/9004"}],"wp:attachment":[{"href":"https:\/\/csmglobal.vn\/index.php\/wp-json\/wp\/v2\/media?parent=7645"}],"curies":[{"name":"wp","href":"https:\/\/api.w.org\/{rel}","templated":true}]}}